is the millions digit of 54593870?
4
What is the tens digit of 350597390?
9
What is the tens digit of 105970488?
8
What is the hundreds digit of 129556775?
7
What is the tens digit of 243476770?
7
What is the ten millions digit of 803135241?
0
What is the units digit of 98113287?
7
What is the tens digit of 3245605400?
0
What is the hundred millions digit of 1062219782?
0
What is the ten thousands digit of 106107837?
0
What is the thousands digit of 17590753?
0
What is the ten thousands digit of 33886272?
8
What is the millions digit of 20643882?
0
What is the ten millions digit of 439780583?
3
What is the millions digit of 41146433?
1
What is the tens digit of 757346461?
6
What is the millions digit of 2252405101?
2
What is the hundred millions digit of 4639068228?
6
What is the tens digit of 1486285516?
1
What is the millions digit of 797414043?
7
What is the millions digit of 5815856947?
5
What is the ten thousands digit of 43444835?
4
What is the units digit of 308083765?
5
What is the thousands digit of 43923094?
3
What is the billions digit of 2546829279?
2
What is the hundreds digit of 2284771008?
0
What is the units digit of 1780086087?
7
What is the thousands digit of 1005673667?
3
What is the hundreds digit of 1982131697?
6
What is the ten millions digit of 47597009?
4
What is the hundred millions digit of 1476588408?
4
What is the billions digit of 3765187317?
3
What is the hundred thousands digit of 26971041?
9
What is the ten millions digit of 29615685?
2
What is the millions digit of 29165050?
9
What is the hundred thousands digit of 3908890227?
8
What is the hundred thousands digit of 37120350?
1
What is the millions digit of 27423090?
7
What is the units digit of 846200074?
4
What is the hundred thousands digit of 143695542?
6
What is the ten thousands digit of 85494126?
9
What is the hundred millions digit of 337854770?
3
What is the hundred thousands digit of 403857757?
8
What is the millions digit of 6818688687?
8
What is the ten thousands digit of 1234919163?
1
What is the units digit of 2483109820?
0
What is the hundreds digit of 165998441?
4
What is the hundred thousands digit of 21523953?
5
What is the millions digit of 36536801?
6
What is the hundreds digit of 546444156?
1
What is the thousands digit of 689606228?
6
What is the units digit of 53674084?
4
What is the ten thousands digit of 76338218?
3
What is the hundred thousands digit of 436763960?
7
What is the units digit of 57402103?
3
What is the millions digit of 1179276099?
9
What is the ten millions digit of 87701397?
8
What is the millions digit of 107122100?
7
What is the hundred thousands digit of 606438152?
4
What is the units digit of 196232711?
1
What is the ten millions digit of 335078055?
3
What is the thousands digit of 66080345?
0
What is the thousands digit of 45104099?
4
What is the units digit of 163714068?
8
What is the hundred thousands digit of 331431823?
4
What is the ten thousands digit of 2321766958?
6
What is the units digit of 1443355509?
9
What is the tens digit of 287855307?
0
What is the billions digit of 3042937820?
3
What is the units digit of 81322678?
8
What is the units digit of 853263478?
8
What is the millions digit of 43640919?
3
What is the hundreds digit of 622889593?
5
What is the thousands digit of 206926403?
6
What is the hundred millions digit of 198017380?
1
What is the hundreds digit of 1171303552?
5
What is the hundreds digit of 5168783?
7
What is the hundred thousands digit of 19480335?
4
What is the ten millions digit of 95354863?
9
What is the thousands digit of 5937450048?
0
What is the ten thousands digit of 1254274176?
7
What is the millions digit of 32043932?
2
What is the ten thousands digit of 997008246?
0
What is the hundred thousands digit of 143790770?
7
What is the hundreds digit of 42504696?
6
What is the hundred thousands digit of 3892183157?
1
What is the thousands digit of 1264170300?
0
What is the thousands digit of 879212904?
2
What is the ten millions digit of 62875393?
6
What is the hundred thousands digit of 2845867953?
8
What is the hundred millions digit of 141279707?
1
What is the millions digit of 47308035?
7
What is the units digit of 10579666?
6
What is the billions digit of 2351644668?
2
What is the ten thousands digit of 8876828219?
2
What is the millions digit of 4675788?
4
What is the tens digit of 4454860?
6
What is the units digit of 12536546?
6
What is the tens digit of 9868436?
3
What is the billions digit of 1758167864?
1
What is the hundreds digit of 961952840?
8
What is the billions digit of 2729214601?
2
What is the hundreds digit of 39027945?
9
What is the units digit of 17550396?
6
What is the ten thousands digit of 39258074?
5
What is the hundreds digit of 129846489?
4
What is the units digit of 2473609140?
0
What is the units digit of 2167977222?
2
What is the thousands digit of 2180083060?
3
What is the thousands digit of 1994528758?
8
What is the hundred millions digit of 3937893741?
9
What is the thousands digit of 511858691?
8
What is the thousands digit of 645810197?
0
What is the hundred thousands digit of 65502734?
5
What is the ten millions digit of 347471470?
4
What is the hundreds digit of 1256008534?
5
What is the thousands digit of 32771782?
1
What is the millions digit of 652444088?
2
What is the hundred thousands digit of 28538587?
5
What is the ten millions digit of 256291894?
5
What is the ten thousands digit of 8047755309?
5
What is the hundreds digit of 18889651?
6
What is the millions digit of 36288864?
6
What is the ten thousands digit of 124576020?
7
What is the hundred thousands digit of 60943601?
9
What is the ten millions digit of 115720338?
1
What is the hundreds digit of 47806157?
1
What is the tens digit of 806618759?
5
What is the hundreds digit of 189992787?
7
What is the units digit of 72169304?
4
What is the thousands digit of 129154502?
4
What is the millions digit of 68953556?
8
What is the units digit of 2712344669?
9
What is the thousands digit of 849337003?
7
What is the thousands digit of 23493855?
3
What is the thousands digit of 659216745?
6
What is the millions digit of 1581463037?
1
What is the units digit of 135339735?
5
What is the ten thousands digit of 45045679?
4
What is the thousands digit of 18956347?
6
What is the hundred thousands digit of 16009654?
0
What is the thousands digit of 127048089?
8
What is the hundreds digit of 1985130799?
7
What is the units digit of 374036913?
3
What is the hundred millions digit of 107103637?
1
What is the units digit of 191979767?
7
What is the hundred thousands digit of 1834092549?
0
What is the millions digit of 334139017?
4
What is the hundred thousands digit of 197857494?
8
What is the hundred thousands digit of 25761186?
7
What is the units digit of 34356525?
5
What is the ten millions digit of 5415871662?
1
What is the ten millions digit of 427917173?
2
What is the tens digit of 94101551?
5
What is the hundred millions digit of 5295710860?
2
What is the tens digit of 1076380?
8
What is the millions digit of 142768028?
2
What is the hundred millions digit of 261485984?
2
What is the tens digit of 45416359?
5
What is the tens digit of 714219819?
1
What is the millions digit of 618416150?
8
What is the billions digit of 3121749051?
3
What is the hundred thousands digit of 1153642579?
6
What is the hundreds digit of 25550727?
7
What is the ten thousands digit of 113955410?
5
What is the units digit of 208926330?
0
What is the billions digit of 1271347581?
1
What is the ten millions digit of 5514318013?
1
What is the hundreds digit of 3129581255?
2
What is the tens digit of 41373499?
9
What is the hundred millions digit of 2785313424?
7
What is the hundreds digit of 91400679?
6
What is the tens digit of 43100804?
0
What is the hundred millions digit of 315196744?
3
What is the ten millions digit of 4148710750?
4
What is the hundreds digit of 1347781754?
7
What is the hundred thousands digit of 176047680?
0
What is the hundreds digit of 67304256?
2
What is the ten millions digit of 15380318?
1
What is the thousands digit of 86523124?
3
What is the units digit of 41207264?
4
What is the units digit of 47999395?
5
What is the hundred thousands digit of 202780125?
7
What is the ten millions dig